 = -h**3 - 3*h**2 + 4*h + 3. Let l(i) = i**3 - 2*i**2 - 3. Let y be l(2). Give v(y).
-9
Suppose -2*o + 7 = -1. Let p(n) = 3*n**2 - o - 1 + 0*n**2 - 2*n**2 - 2*n. Give p(4).
3
Let v(y) = -y**2. Let c be (-2)/6*(-4 + 1). Suppose 2*u + 9 = c. Let t(i) = 3*i**2 + 3*i + 6. Let h(z) = u*v(z) - t(z). Give h(5).
4
Let h = 1 + -4. Let n(t) = -t**2 + 3. Calculate n(h).
-6
Suppose -4*j + s - 3*s = -14, s + 18 = 3*j. Let x be (8/(-10) - 0)*j. Let c(b) = -2*b - 4. Determine c(x).
4
Let v(y) = 5*y**3 - y. Let l(g) be the second derivative of -g**3/6 - 3*g**2/2 + 3*g. Let c be l(-4). Give v(c).
4
Suppose 0 = o + 2*o. Let b = -5 - -17. Let g(n) = -5 - 3*n - n + 5*n + b. Give g(o).
7
Let w(p) = p + 1. Suppose x = -5*i - 6, -6 = i - 0*i + 5*x. Give w(i).
0
Let v(i) = i**2 + 4. Let n be 4/(-30) + (-30)/(-225). Give v(n).
4
Let u(a) = -a + 10. Let j be u(8). Suppose -7 + 1 = j*m. Let k(t) be the third derivative of t**4/24 - t**3/6 - t**2. Give k(m).
-4
Let o(t) = 2*t**2 + 2*t - 1. Let i(u) = -4*u + 30. Let y be i(7). Calculate o(y).
11
Let a(r) = 2*r + 3. Let h(q) = -2*q - 2. Let w(y) = 5*a(y) + 4*h(y). Let s be (4 - (-4)/2) + -12. What is w(s)?
-5
Let m(p) = p + 20. Let g be m(-22). Let v(r) = -3*r**2 + 2*r**2 - r + 0*r + 1. Determine v(g).
-1
Let b(f) be the third derivative of -f**6/120 + 2*f**5/15 + 3*f**4/8 - 2*f**3 + 39*f**2. Determine b(9).
-12
Let r(a) = 3 + 8 + a - 31 + 8. What is r(5)?
-7
Suppose -x + 1 = -4*z, 0*x - 18 = -4*x + 2*z. Let f(s) = -5 + 3 - 2*s - x*s**2 + 3. Give f(1).
-6
Let a(x) = x + 7. Let j be a(-9). Let p(l) = -5*l - 2. Let s be p(j). Let h = s - 8. Let q(w) = w**2 + 2. Determine q(h).
2
Suppose 4*f = -d - 4, 2*d - 2 = 7*d + 2*f. Let s(v) = v + 0*v - 3 + v**2 - 3. What is s(d)?
-6
Let p(y) be the second derivative of y**5/20 - y**4/2 + y**3/3 - 9*y**2/2 + 5*y. Calculate p(6).
3
Let o(w) = w**2 - 3. Let r = 44 - 40. Give o(r).
13
Let h(c) = -c**3 + 9*c**2 + c + 5. Let f(i) = 2*i**3 - 12*i**2 - 15*i + 16. Let k be f(7). Determine h(k).
14
Let q(h) be the second derivative of h**5/20 + 7*h**4/12 - 4*h**3/3 - 5*h**2/2 + h - 1. Determine q(-8).
-5
Let f(x) = -x + 1. Let p(l) = l**3 - 7*l**2 - 8*l + 5. Let j be p(8). Let s be (-8)/j + (-10)/25. What is f(s)?
3
Let o(w) be the third derivative of w**6/60 - w**5/60 - w**4/8 + w**3/2 - w**2. What is o(2)?
9
Let p(y) = 2 + y + 2 + 0*y. Calculate p(3).
7
Let k(p) be the first derivative of 0*p + 0*p**2 - 1/120*p**5 - 1/12*p**4 + 1 - p**3. Let l(x) be the third derivative of k(x). Determine l(5).
-7
Let a be 0/(3/(-6)*6). Let p(v) = v**2 - v. Calculate p(a).
0
Let i(u) = 2*u + 4 - 2 + 2*u**3 + 2*u + 4*u**2 - 1. Let w(s) = -s**3 + s**2 + 1. Let z(x) = i(x) + w(x). Determine z(-4).
2
Let p(z) be the third derivative of z**5/60 - z**4/4 + z**3/3 - 11*z**2. Give p(5).
-3
Let z(k) = 18*k - 5. Let l(d) = 12*d - 3. Let m(a) = -8*l(a) + 5*z(a). Let v be m(2). Let b = 18 + v. Let s(r) = -r**2 + 4*r. What is s(b)?
-5
Let n(h) be the second derivative of -h**3/6 + h**2 + h - 2. Let p(u) = u + 12. Let s be p(-6). Suppose 5*b + 4*f - 1 = -s, -b = 3*f - 10. Calculate n(b).
7
Let n(g) = 4*g**3 - 2*g**2 - g. Suppose 10 = 3*x + 2*x. Suppose 5*j - x*j + 11 = 4*r, -7 = 2*r + j. Give n(r).
-5
Let d(q) = -3*q**3 + 5*q**2 + 4*q + 7. Let r = -1 - 1. Let n(l) = l**3 + l - 1. Let a(i) = r*n(i) - d(i). Determine a(6).
-5
Let g(d) = 28*d - 25*d - d**3 + 4 + 3*d**2 + 0*d**2. Determine g(4).
0
Let t(n) be the third derivative of -n**4/6 - n**3 + 39*n**2. Determine t(-4).
10
Let d(u) = 2*u**2 + 3*u**2 - 1 - 4*u**2. What is d(1)?
0
Let p(b) = b**2 - 3*b + 3. Suppose -r - 2 + 4 = 0. Suppose w + r*q = 10, 12 = -2*w + 2*q + 2*q. Calculate p(w).
1
Let w(b) = b**3 - 6*b**2 - 6*b - 10. Suppose 6*v = 31 + 11. Give w(v).
-3
Let m(k) = -k + 3. Let s be ((-2)/(-3))/((-2)/15). Calculate m(s).
8
Let z(i) = -4*i**3 + i**2 - 1. Let w = -11 + 13. Suppose 0 = -w*a - 3*a + 5. What is z(a)?
-4
Suppose -43 = 17*q + 8. Let w(j) = -j. Give w(q).
3
Let j be ((-64)/(-20))/((-2)/(-5)). Let u(x) = x - 5. Give u(j).
3
Let u(z) be the third derivative of z**5/20 + z**4/8 + z**3/2 + 17*z**2. Determine u(-2).
9
Let k(z) = -z**2 - 1. Let u(q) = -q**3 + 10*q**2 - 2*q + 3. Let f(n) = -6*k(n) - u(n). Determine f(3).
0
Let y(p) = -p**3 + 6*p**2 - 5*p - 3. Let q be y(4). Let h(n) = n + 4*n - 3*n - q + 8. Let w(i) = i**3 - 3*i**2 - 2*i + 2. Let r be w(3). Calculate h(r).
-9
Let x(y) = -y**3 + 2*y**2 + y + 1. Let v(h) = 2*h**2 + 5*h - 4. Let q be v(1). What is x(q)?
-5
Let v(x) = -3 - 1 + 3 + 2*x + 3*x. Give v(1).
4
Let a be (-24)/6*1/2. Let t(g) = -2*g**3 + 4*g**3 - 2 - 4*g**3 + g - 2*g**2. Give t(a).
4
Let n be 1 - 0/(1 - -1). Let z(k) be the first derivative of -4 + k**2 + 2 + n - k. Give z(-4).
-9
Suppose h - 6 = 4*h. Let c(f) = f**2 - f. Calculate c(h).
6
Let t(w) be the second derivative of w**5/60 - w**4/4 + 7*w**3/6 + 3*w**2/2 - 3*w. Let k(s) be the first derivative of t(s). Let z = -3 + 8. Determine k(z).
2
Let i(y) = -3*y**2 + 3*y - 2. Suppose 0 = -4*l + 12 + 48. Let v = -13 + l. Give i(v).
-8
Suppose -5*s + 0*s = u - 15, -3*s - u = -9. Let z(r) = r**2 - 2*r**2 - s*r**2. Determine z(-1).
-4
Let y(n) = n**2 + 4*n - 2. Let t be y(-5). Suppose g - 17 = 2*p, g - 3*p - 8 = 2*g. Let q(h) = h - 9*h + 3 + g*h. What is q(t)?
0
Let v(f) = f**3 + f**2 - 2*f + 1. Suppose d - 12 = -14. What is v(d)?
1
Let x be (-8)/(6/(-3) + 1). Let y(t) be the first derivative of 8*t + 2 + 2*t**2 - x*t. Determine y(-1).
-4
Let c = 11 - 6. Let v(w) = -3*w + 18. Suppose 10 + 5 = 3*f. Let n(l) = -2*l + 12. Let y(o) = f*v(o) - 7*n(o). Determine y(c).
1
Suppose -3*c - 5*s - 7 = -17, -2*c - 4*s = -6. Let j(n) = -3*n + 1 - 4*n - c*n + 2*n. What is j(-1)?
11
Let o(m) = -m**3 + m**2 + m. Let a = 0 - -3. Let y(w) = 3*w**3 + w**2 + 2*w. Let k(l) = a*o(l) - y(l). What is k(-1)?
7
Let w(u) = -u - 1. Let i(d) = -6*d - 12. Let o(h) = 4*h + 7. Let t be o(-3). Let z(j) = t*w(j) + i(j). Determine z(-5).
-2
Let a = -7 + 10. Suppose 0 = -u + 8 - a. Let q(l) = l. What is q(u)?
5
Let d(i) = -i**3 + 10*i**2 - 9*i + 3. Let k(q) = -6*q - 3. Let f be k(-2). Let a be d(f). Let t(c) = -3*c**2 + 2*c**2 + a + 1 + c. Determine t(0).
4
Suppose -2 = -m + 2. Suppose -2*s - s = -3*z, m*s + 4 = 2*z. Let u(r) be the first derivative of -r**2/2 - r + 1. What is u(z)?
1
Let q(y) = 0 - 7 + 8*y + 0*y - y**2 + 0. Calculate q(8).
-7
Let a = 3 - 2. Let c(t) be the third derivative of -t**4/8 - 29*t**2. Determine c(a).
-3
Let j(d) = -29*d**2 + 4*d - 5*d + 28*d**2 + 0*d. Determine j(-1).
0
Let l(d) be the third derivative of d**4/24 - 2*d**3/3 + 10*d**2. Determine l(0).
-4
Let o = 1 + -3. Let d(p) = -p. Let c be d(o). Let q(h) = 3*h**2 + h**3 - h**2 + 2*h - 3 - 3*h**c - h**2. Calculate q(2).
1
Let z(k) = k - 4*k - 2*k - 1. Let b be 2*(1 + -3) + 3. Calculate z(b).
4
Let y(g) = 2*g - 2. Let z be y(3). Suppose w - 9 = z*w. Let k(a) be the first derivative of -a**4/4 - a**3 - a**2/2 + 3*a + 1. Give k(w).
6
Let s(n) = n - 8. Let y(z) = z**3 + 9*z**2 - z - 1. Let l be y(-9). Calculate s(l).
0
Let v(r) be the first derivative of 1/2*r**2 - 4 + 5*r. Determine v(0).
5
Let w(l) be the second derivative of 0 + 1/12*l**4 + 1/2*l**2 + 5/6*l**3 + l. Let i(z) = 5*z**3 + z**2 - z - 1. Let h be i(-1). Calculate w(h).
-3
Let t(q) be the second derivative of 0 - q**2 - 1/20*q**5 - 3*q - 1/6*q**3 - 1/12*q**4. What is t(-2)?
4
Suppose w = -3 - 3. Let g(m) = -5 + 3*m - 3*m - 3 - 2*m. Give g(w).
4
Let q be 1*(14 + (-1)/(-1)). Let m(x) = x + 2. Let o be m(4). Suppose -q = -v + o*v. Let d(n) = n**3 + 4*n**2 + 2*n - 1. Determine d(v).
2
Let c = -6 + 10. Suppose 8 = 4*x, 0 = -2*a - 9*x + c*x + 14. Let t = a - 3. Let w(g) = 2*g**2 + g + 1. What is w(t)?
2
Let o(r) = -r**2 + 3*r + 5. Let b be o(5). Let l be -3*(-3 - (-5)/3). Let x(w) = 0*w**2 - 2 + w**2 + 3*w**2 + l*w**3 - 3*w - 3*w**3. Calculate x(b).
-12
Let p(r) be the third derivative of r**4/24 + r**3/6 - 9*r**2. Determine p(1).
2
Let k(j) be the second derivative of -1/6*j**3 - 3*j + 1/2*j**2 + 0. What is k(5)?
-4
Let v(i) = 1. Let x(k) = -k. Let u be x(-4). Let c(n) = -n - 1. Let a(p) = u*v(p) + 3*c(p). Calculate a(-1).
4
Let j(i) = i**2 - 4*i - 6. Let l be j(5). Let o(a) = -20*a**2 - a + 17*a**2 - 1 + 0*a. Determine o(l).
-3
Suppose -3*l + 5 + 4 = 5*z, -21 = -5*z + 3*l. Let k(n) = 2*n**2 + n